 and 384.
48
What is the greatest common divisor of 3056 and 614447?
191
What is the greatest common factor of 26 and 16805321?
13
Calculate the highest common divisor of 138 and 774272.
46
Calculate the greatest common divisor of 19635 and 140.
35
What is the highest common factor of 170 and 27790?
10
Calculate the greatest common factor of 35 and 17736110.
35
Calculate the greatest common divisor of 179863 and 1048.
131
What is the highest common factor of 10 and 23110?
10
Calculate the greatest common divisor of 274 and 336746.
274
Calculate the greatest common divisor of 228 and 284772.
228
What is the highest common divisor of 107858 and 1194?
398
What is the highest common divisor of 262987 and 3681?
409
Calculate the greatest common factor of 16577 and 8494.
137
Calculate the highest common factor of 14875 and 5875.
125
What is the greatest common factor of 16244 and 4454?
262
Calculate the highest common divisor of 1149 and 81.
3
What is the greatest common factor of 3423 and 259?
7
Calculate the greatest common divisor of 175 and 6979.
7
What is the highest common divisor of 56 and 1912?
8
Calculate the greatest common divisor of 19556 and 20.
4
Calculate the greatest common factor of 7705 and 2875.
115
Calculate the highest common divisor of 17836 and 3773.
343
Calculate the greatest common divisor of 3432 and 26572.
52
What is the highest common factor of 308 and 39424?
308
Calculate the greatest common factor of 2290 and 910.
10
Calculate the highest common factor of 13940 and 82620.
340
What is the greatest common divisor of 4511 and 117?
13
What is the highest common factor of 1894402 and 1698?
566
What is the greatest common divisor of 555 and 1255?
5
Calculate the highest common divisor of 47 and 5246.
1
What is the greatest common factor of 7456 and 480?
32
Calculate the highest common divisor of 52928 and 192.
64
What is the greatest common divisor of 30 and 135390?
30
Calculate the highest common divisor of 2285 and 320.
5
Calculate the greatest common factor of 2341348 and 12.
4
Calculate the highest common factor of 178357 and 59.
59
Calculate the highest common divisor of 940 and 2020.
20
Calculate the highest common divisor of 6371 and 11080.
277
Calculate the highest common factor of 88088 and 1092.
364
What is the highest common factor of 16388 and 18798?
482
Calculate the highest common factor of 44 and 4939.
11
What is the highest common factor of 13075 and 100?
25
Calculate the greatest common factor of 28 and 353094.
14
What is the greatest common divisor of 1224 and 13824?
72
Calculate the highest common factor of 4 and 734166.
2
What is the highest common factor of 160 and 188896?
32
What is the greatest common divisor of 1639 and 561581?
149
What is the greatest common divisor of 8382 and 2442?
66
What is the greatest common divisor of 21060 and 340?
20
What is the highest common factor of 12747 and 84?
21
What is the greatest common divisor of 137720 and 1760?
440
Calculate the greatest common divisor of 9720 and 8460.
180
What is the highest common factor of 4212 and 238914?
234
Calculate the greatest common divisor of 936 and 4680.
936
What is the highest common divisor of 1708 and 4777276?
1708
What is the greatest common divisor of 259 and 1471897?
259
What is the greatest common factor of 12 and 201033?
3
What is the greatest common factor of 2527 and 46208?
361
Calculate the highest common factor of 2623 and 41297.
61
What is the greatest common divisor of 125 and 107375?
125
Calculate the greatest common divisor of 347 and 379271.
347
What is the greatest common factor of 36893 and 35492?
467
What is the greatest common factor of 17500 and 225?
25
Calculate the highest common divisor of 402016 and 1054.
34
Calculate the highest common factor of 22269 and 897.
39
Calculate the highest common factor of 7 and 6340831.
7
Calculate the highest common factor of 37821 and 42.
21
Calculate the greatest common divisor of 27648 and 3348.
108
Calculate the highest common factor of 450686 and 2.
2
What is the highest common factor of 48 and 35868?
12
What is the highest common factor of 272 and 30498?
34
What is the greatest common factor of 3726 and 1458?
162
What is the greatest common factor of 10104 and 744?
24
Calculate the greatest common divisor of 875 and 158850.
25
What is the greatest common factor of 88 and 24431?
11
What is the greatest common factor of 237371 and 51?
17
What is the greatest common factor of 1421 and 463043?
203
What is the highest common divisor of 1144 and 5928?
104
Calculate the greatest common divisor of 2515 and 2.
1
Calculate the highest common factor of 35595 and 40320.
315
What is the highest common factor of 9 and 483174?
9
Calculate the highest common factor of 52 and 2039674.
26
Calculate the greatest common divisor of 8963024 and 1106.
1106
What is the greatest common divisor of 834 and 1231818?
834
What is the greatest common factor of 58 and 46603?
29
What is the greatest common factor of 5428 and 207?
23
Calculate the highest common divisor of 1113 and 137694.
159
What is the greatest common divisor of 13711905 and 45?
45
What is the highest common divisor of 4065 and 1785?
15
Calculate the greatest common divisor of 540 and 267.
3
What is the highest common divisor of 7 and 367?
1
Calculate the highest common factor of 114 and 3174.
6
Calculate the highest common factor of 913692 and 624.
156
Calculate the highest common factor of 5518 and 47882.
178
What is the highest common factor of 540 and 3620?
20
Calculate the highest common factor of 16913 and 26.
13
Calculate the greatest common factor of 54 and 47961.
9
Calculate the highest common factor of 3154 and 34.
2
What is the highest common factor of 42434 and 3528?
98
Calculate the highest common factor of 459 and 12954.
51
Calculate the highest common divisor of 85 and 96920.
5
Calculate the highest common factor of 82 and 83066.
82
Calculate the highest common divisor of 8903 and 87.
29
Calculate the highest common divisor of 18711 and 36267.
231
What is the highest common divisor of 1484588 and 74?
74
What is the greatest common divisor of 7755 and 92180?
55
What is the greatest common factor of 3683344 and 28?
28
Calculate the highest common divisor of 4960 and 20000.
160
Calculate the greatest common factor of 1115610 and 8610.
1230
Calculate the highest common divisor of 4934919 and 33.
33
Calculate the greatest common factor of 191 and 560394.
191
What is the greatest common divisor of 66 and 80487?
33
What is the highest common divisor of 7606210 and 10?
10
What is the highest common factor of 76 and 505457?
19
Calculate the greatest common divisor of 241251 and 522.
87
Calculate the greatest common factor of 258831 and 63.
9
Calculate the highest common factor of 1274 and 1135862.
182
Calculate the greatest common divisor of 24 and 510954.
6
What is the highest common divisor of 300 and 1300100?
100
What is the highest common divisor of 45621 and 81?
9
Calculate the highest common factor of 257271 and 21.
21
What is the highest common divisor of 1616 and 6565?
101
Calculate the greatest common factor of 240013 and 4319.
617
Calculate the greatest common divisor of 132 and 22308.
132
What is the highest common factor of 1496 and 43208?
88
Calculate the highest common factor of 5952 and 128.
64
What is the highest common divisor of 8271 and 12924?
9
What is the highest common factor of 504 and 20979?
63
Calculate the greatest common divisor of 3870 and 18920.
430
Calculate the highest common factor of 249 and 1309989.
249
What is the highest common factor of 91531 and 11?
11
Calculate the highest common divisor of 352 and 25212.
44
Calculate the highest common divisor of 376 and 26584.
8
What is the greatest common divisor of 35 and 6870?
5
Calculate the highest common factor of 242 and 3062.
2
Calculate the greatest common divisor of 321879 and 152.
19
What is the greatest common divisor of 212006 and 142?
142
Calculate the highest common divisor of 59751 and 81.
27
What is the highest common factor of 24576 and 72?
24
What is the greatest common divisor of 1116 and 7963776?
1116
What is the highest common divisor of 1113 and 45?
3
What is the highest common divisor of 242674 and 134?
134
Calculate the hig